 = 5*s - 560. Let p = s - 278. List the prime factors of (2/(-6))/((-2)/p).
3, 7
Suppose 2*g = 4*r - 0*r - 1348, -5*r = 4*g - 1685. What are the prime factors of r?
337
Let j(b) = -6*b + 4. List the prime factors of j(-11).
2, 5, 7
Suppose 0 = -3*k + 2*k + 13. Suppose -4*b + 63 = -k. What are the prime factors of b?
19
Suppose n + 1 = 4. Let v = 6 - n. What are the prime factors of (-34)/v*3/(-2)?
17
Let f = 22 + -7. List the prime factors of f.
3, 5
Let k = 114 + -65. List the prime factors of k.
7
Let m = 37 - 52. Let j = -6 - m. List the prime factors of j.
3
Let r be 3/(-15) + (-128)/10. Let a be (-74)/8 + (-6)/8. Let j = a - r. What are the prime factors of j?
3
Suppose 3*n - 202 = u, 3*n = -3*u + 115 + 107. List the prime factors of n.
3, 23
Let n be 1 - 1/3*3. Let o = 10 - -3. Suppose t + n*t = o. What are the prime factors of t?
13
Suppose -120 = -l + 4*l - 5*z, -5*l + 4*z - 213 = 0. Let o = -18 - l. List the prime factors of o.
3
Suppose 1706 = 9*i - 499. List the prime factors of i.
5, 7
Suppose -6*w - 2*y = -7*w + 6, 3 = 3*y. List the prime factors of w.
2
Suppose -4*d - 52 = -8*d. Suppose -u + d = -34. List the prime factors of u.
47
Suppose 3*r = -r. Suppose -4*k + g + 21 = r, 0*k + 4*g = 5*k - 29. Suppose 0 = 2*m - 3*t - 8 - 9, 3*t - 74 = -k*m. List the prime factors of m.
13
Suppose 14*g - 11*g - 219 = 4*b, 2*g - 150 = 4*b. List the prime factors of g.
3, 23
Suppose -s - 4 = 4*j + 2, s - 3*j = 1. Let m = s - -6. Suppose -t = -3*c - 3, 5*t = -m*c - 0 + 15. List the prime factors of t.
3
Let n(y) = y**2 + 8*y - 6. Let c be n(-9). Suppose 6 = l + c. What are the prime factors of l?
3
Let n be 1 + 0 - (1 - 6). Let q = n - 0. What are the prime factors of q?
2, 3
Let y = -8 - -7. Let g = 1 + y. Let q = 4 - g. What are the prime factors of q?
2
Let u = -9 + 13. Let p(r) = r + 10. Let g be p(-7). Suppose -w = i - 8, u*i + 1 - g = -w. What are the prime factors of w?
2, 5
Let a be 2/4 - 21/(-14). Suppose -3*n = a*r - 52, n = -2*n. List the prime factors of r.
2, 13
Suppose -z + 4 + 9 = 0. Let l = z + -8. List the prime factors of l.
5
Suppose 3*c - 5*g + 43 = 119, -2*g - 27 = -c. Let p = -7 + c. What are the prime factors of p?
2, 5
What are the prime factors of (-2 - -5)*100/15?
2, 5
Let g be -1 - (0/3 - 0). Let z = 13 + g. List the prime factors of z.
2, 3
Suppose 6*o + o = 287. List the prime factors of o.
41
Let u be 1*(2 + -5)/(-3). Let x be (-1)/(-2)*(-16)/u. Let a = x - -11. List the prime factors of a.
3
Let r be -2 - 32/(4/(-4)). Let w = r + -14. List the prime factors of w.
2
Suppose y = 2*l + 11, 0 = 2*y + 3*y - 2*l - 31. Suppose 7 = y*b - 3. What are the prime factors of b?
2
Suppose -5*p = -10*p + 50. List the prime factors of p.
2, 5
Suppose -2*w = -1 - 21. Let j = -4 + w. Suppose 9 = 4*v - j. What are the prime factors of v?
2
Let g be 2/(0 - 4/(-18)). Let u(c) = 9 + 1 + 2 + g*c + c**2. What are the prime factors of u(-9)?
2, 3
Let p = 35 - 11. Suppose -3*w = -0*w + p. Let u = w - -18. What are the prime factors of u?
2, 5
Let m(c) = c**2 + 8*c + 1. Let d(k) = 4*k + 6. Let t be d(-4). List the prime factors of m(t).
3, 7
Let i = 17 + -13. Let z(p) = -5. Let o(w) = -w + 5. Let q(s) = -2*o(s) - 3*z(s). What are the prime factors of q(i)?
13
Suppose -88 = 4*f - 244. Let i = f - 19. List the prime factors of i*(-2)/8*-2.
2, 5
Suppose m + 102 = 7*m. List the prime factors of m.
17
Suppose 2*s - 5*s = -9. Suppose -s*r - 3*k = 6, 5*r + 3*k = 5*k + 25. Suppose -3*g - 24 = -5*j, -r*g - 12 = g. What are the prime factors of j?
3
Suppose 216 = 6*a - 504. What are the prime factors of a?
2, 3, 5
Let m(s) = s**3 + 7*s**2 + 6*s + 9. Suppose -3*p + 7 = 25. List the prime factors of m(p).
3
Suppose -182 - 288 = -5*y. What are the prime factors of y?
2, 47
Suppose 0 = 2*v + v - 48. Let i = 39 - v. List the prime factors of i.
23
Let i = 38 - -149. List the prime factors of i.
11, 17
Let x(u) = -u**2 + 10*u - 1. Suppose 3*c + 32 = 7*c. List the prime factors of x(c).
3, 5
Let c = -28 - -56. List the prime factors of c.
2, 7
Let x be (-2)/(-8) + 1/(-4). Suppose x*h = h - 13. What are the prime factors of h?
13
Let q = -2 - 0. What are the prime factors of (-9)/(((-15)/q)/(-5))?
2, 3
Let o(t) = t**2 - 6*t. Let p be o(6). Let a(j) = -13*j + 11. Let g(z) = 3*z - 3. Let f(q) = -2*a(q) - 9*g(q). What are the prime factors of f(p)?
5
Let j be (0 - -7) + (-8 - -5). Suppose -j*m = -8*m + 84. List the prime factors of m.
3, 7
Let l(r) = 223*r**2 - 2. What are the prime factors of l(1)?
13, 17
List the prime factors of 8/12*-3 - -65.
3, 7
Suppose -4*b = -7*b + 195. What are the prime factors of b?
5, 13
Suppose -3*v + 4*i + 0*i = 8, 5*v - 4*i = -16. List the prime factors of v/(4/(-37)) + -3.
2, 17
Let f(g) = 5*g - 6*g - 1 - 2. List the prime factors of f(-8).
5
Let p(o) = 28*o**3. List the prime factors of p(1).
2, 7
Let g = 711 + -415. What are the prime factors of g?
2, 37
Let p be (2 - 8/6)*3. Let k(w) = 2*w**2 - 3*w + 4. What are the prime factors of k(p)?
2, 3
Let v(q) = q**3 + q**2 - q + 43. Suppose -17*y = -20*y. List the prime factors of v(y).
43
Suppose 0 = i - 0 - 3. List the prime factors of i*((-330)/(-9))/5.
2, 11
Suppose 27 - 91 = -2*f. What are the prime factors of f?
2
Suppose x - 5*b = 35, -25 = -x - 3*b - 2*b. List the prime factors of x.
2, 3, 5
Suppose x - 10 = -x. Suppose 2*d = x*b + 13, 6*d = 3*d - 3. Let h = 0 - b. List the prime factors of h.
3
Suppose -4*q - 24 = -7*q. Suppose -2*p = 2*p + q. Let x(m) = -8*m - 1. What are the prime factors of x(p)?
3, 5
Suppose 0 = -4*l - 1 + 5, -o + 3*l = -281. What are the prime factors of o?
2, 71
What are the prime factors of (-40)/((-45)/10 + 4)?
2, 5
Let o(s) = -s**3 - 6*s**2 - 4*s + 5. Let y be o(-5). Suppose -5*g + 3*g + 44 = y. What are the prime factors of g?
2, 11
What are the prime factors of -8*-1*2/4?
2
List the prime factors of 9/(-21) - 885/(-7).
2, 3, 7
Let q be (-1)/(-2) - 42/4. Suppose 3*t = 76 - 16. What are the prime factors of (-12)/t - 146/q?
2, 7
Suppose 76*r - 78*r = -24. List the prime factors of r.
2, 3
Let s = 10 - 14. Let r = 7 + s. Suppose 0 = 2*h - 5*v - 24, -h + v - 24 = -r*h. List the prime factors of h.
2, 3
Let j(k) = -4*k + 1. Let y(c) = -6*c**2 - c. Let o be y(-1). Let m be j(o). Suppose 0*p = 3*p - m. What are the prime factors of p?
7
Let y(d) = d + 1. Let l be y(2). Suppose -4*u + 14 = -i + l, 5*i - 40 = u. List the prime factors of i.
3
Let f(s) = 2*s**3 - 6*s**2 + 4*s + 9. Let p(c) = -5*c**3 + 17*c**2 - 12*c - 26. Let l(r) = -8*f(r) - 3*p(r). List the prime factors of l(-5).
2, 3
Suppose 4*n + 2 = -3*d, -2*n + 4*d - d - 10 = 0. Let k = 0 - 2. List the prime factors of (k - -4)/(n/(-9)).
3
Suppose 183 = 4*q - 5*g - 187, -5*q + 458 = -4*g. Suppose q = 4*r + 34. What are the prime factors of r?
2, 7
Suppose -m + 4*m = 30. Let l be (-5)/2*(-8)/m. Suppose 5*o + l*t = 48, -t = 6*o - 2*o - 39. List the prime factors of o.
2, 5
Suppose -27*v + 24*v = -342. List the prime factors of v.
2, 3, 19
Suppose 155 = 7*z - 2*z. What are the prime factors of z?
31
Let u = 0 + 11. List the prime factors of u.
11
List the prime factors of ((-205)/(-20))/(3/12).
41
Let z be 0/(-2) - (-4 - -4). Suppose 0 = -z*h - h + 10. List the prime factors of h.
2, 5
Let s(k) = 2*k + 1. Let y be s(1). List the prime factors of y/(3/(1 + 11)).
2, 3
Suppose 2*i + 3*b - 69 = 4*b, -3*b = -15. List the prime factors of i.
37
Let r(u) = 3*u + 11. Let w be r(14). Suppose -3*d - w = -140. List the prime factors of d.
29
Let i be -87*(-3 - 16/(-6)). Suppose -3*p + d + 91 = p, -d = p - i. What are the prime factors of p?
2, 3
Suppose -5*u - 433 = -1123. List the prime factors of u.
2, 3, 23
Let a be ((-16)/(-12))/(4/6). Let x = 8 - a. What are the prime factors of x?
2, 3
What are the prime factors of (-11352)/(-36) - (-2)/(-6)?
3, 5, 7
Let s(o) = 45*o + 3. Let f(i) = 15*i + 1. Let v(r) = 11*f(r) - 4*s(r). List the prime factors of v(-1).
2, 7
Suppose -5*k - r = -20, -24 = -3*k + 4*r + 11. Suppose h - y - 74 = -4*h, 73 = k*h - 2*y. List the prime factors of h.
3, 5
Suppose -183 = -5*w + x, -3*w = 4*x - 66 - 30. Suppose 5*d = d + w. What are the prime factors of 16/(-3)*d/(-6)?
2
Let m be 1 + (-1 - 0) + 4. Suppose -5*n + 5 = -m*n + q, 47 = 3*n - 5*q. What are the prime factors of n + 2 + 0/(